**2 - 6*t + 5. Let b = 11 - 17. Let v be m(b). Suppose -w - 37 = -v*y - 14, -2*y = 3*w + 1. What is the units digit of y?
4
Suppose 4*y - 25 = 5*b, -2*y - 3*b - 15 + 0 = 0. Suppose -m + 25 = -y*m. What is the units digit of m?
5
Let t be 7*(0 - 4/2). What is the units digit of (-795)/(-35) - 4/t?
3
Let p = -3 + -12. Let h = -37 + 14. Let r = p - h. What is the units digit of r?
8
Suppose -9*o + 4 = -7*o. What is the units digit of o?
2
Let j(r) = r - 1. Let g be j(4). Let n be 0*2/(-4) - -2. Suppose -n*p + g = -3. What is the units digit of p?
3
Suppose 0 = -4*h + 2*c + 8, -h = 6*c - 2*c - 20. What is the tens digit of (-138)/h*(-4)/6?
2
Suppose 4*z = -34 - 2. What is the units digit of (-3)/z - (-51)/9?
6
Let o = 597 + -301. What is the tens digit of o?
9
Suppose -a + 8 = -6. Suppose 2*g - 25 = -81. What is the units digit of 8/g + 88/a?
6
Suppose -3*i + 14 - 5 = 0. Suppose 5*o = 2*o - 18. What is the units digit of i/(1*o)*-42?
1
Let k(b) = 0 - 2*b**2 + 0*b**2 - 4 + b**3. Let n = -4 + 7. What is the units digit of k(n)?
5
Let h = -11 + 4. Let v = -4 - h. What is the units digit of v?
3
Let o(g) = -g**2 + 5*g + 1. Suppose -d = -5*d + 16. Suppose -u + 20 = d*u. What is the units digit of o(u)?
5
Suppose 0 = -5*l + j + 161, 3*l - l + j - 70 = 0. What is the units digit of l?
3
Suppose 15 = 3*m - 5*k, -5*k + 24 = 4*m + 4. Suppose -j - 8 + 39 = -4*h, -m*h - 20 = 0. Suppose -3 = -2*f + j. What is the units digit of f?
9
Let k(f) be the third derivative of -f**4/12 - f**3/2 - f**2. Suppose -c = 9 - 4. What is the units digit of k(c)?
7
Let x(f) = -f + 2. Let u be x(5). Let l(a) = -19*a + 3. Let q be l(u). Suppose 3*r = 7*r - q. What is the tens digit of r?
1
Let y(z) = z + 6*z**2 + 0*z**2 + 13 - 2*z**2 - 3*z**2. What is the tens digit of y(0)?
1
Let v(t) be the second derivative of t**5/20 - t**4 + 5*t**3/3 + 7*t**2 - t. Suppose 3*m + 22 = 5*m. What is the units digit of v(m)?
3
Let z(a) be the first derivative of 2*a**3/3 - 5*a**2/2 + 1. Let t be z(4). What is the units digit of (0 - -6)*6/t?
3
Suppose 0 = p + s - 7, -2*p + 0*p - 1 = -3*s. Suppose f = -p*f + 125. Suppose o = m + 5, f = -0*o + 5*o + 5*m. What is the units digit of o?
5
Let h = -29 + 21. Let r = 17 + h. What is the units digit of r?
9
Let j(k) = -21 - 5*k + k**2 + k**3 + 11*k**2 + 5 + 3*k. Let a = 15 + -27. What is the units digit of j(a)?
8
What is the units digit of (-42)/(-10)*140/4?
7
Let g = -22 + 172. What is the units digit of g?
0
Let g(n) = 4*n + 40. What is the units digit of g(-9)?
4
Let c = -14 - -30. Let h(q) = q**3 + q**2 - q + 6. Let b be h(0). What is the units digit of (1 - c/b)*-3?
5
Suppose -o = -3*o. Suppose 3 = 3*f + 2*q, o = 3*f - 3*q + 6*q. Let r(v) = -v**3 + 2*v**2 + 5*v - 2. What is the units digit of r(f)?
4
Suppose 0 = -3*o + 4*o - 39. What is the units digit of o?
9
Let n(s) = 6*s + 2. Let a be n(4). Suppose -90 = -4*b + a. What is the tens digit of b?
2
Suppose 3*r - 5 = 136. What is the tens digit of r?
4
Let u be (0 + 1)/(1/28). Let t = -14 + u. What is the units digit of t?
4
Suppose x + 61 = 4*q, -2*q - x = -5*x - 34. Suppose -14*g = -q*g + 15. What is the tens digit of g?
1
Let g be (-800)/(-36) + (-4)/18. What is the tens digit of 2*-1*g/(-4)?
1
Let i(b) be the first derivative of b**4/4 - 10*b**3/3 + b**2 + 3*b - 2. Let o be i(9). What is the tens digit of o/4*(-2)/3?
1
Suppose -13*p - 93 + 431 = 0. What is the units digit of p?
6
Let g(a) = -4 + a**2 - 3 - 4 + 8*a. What is the units digit of g(-10)?
9
Suppose 5*b - 28 + 3 = 0. Suppose a - 4*i = 30, -b*a - 4*i = 19 - 97. What is the units digit of (-34)/(-9) + 4/a?
4
Let h(j) = -j**2 + 3*j - 1. Let a be h(4). Let r(t) = -2*t + 4. Let g be r(a). Let i = -9 + g. What is the units digit of i?
5
Let i = 289 - 159. What is the hundreds digit of i?
1
Let g be (-9)/3*58/(-3). Suppose -4*o = -5*l + 40, 0*l - 2*o = 4*l - g. What is the tens digit of l?
1
Let f be 30/4*(-8)/(-5). Suppose -2*x + 4*n - f = 2*x, -2*n = -4*x - 2. Suppose x*v - 10 = -2*k, 6 = 2*v - 0*v. What is the units digit of k?
2
Let j be 1*(3 + -4) + 24. Let t = j - 9. What is the tens digit of t?
1
Let z = 411 - 291. What is the hundreds digit of z?
1
Let d(p) = p**3 + 5*p**2 - 5. Let i = 10 + -14. What is the units digit of d(i)?
1
Suppose 4*o = -g + 6, -16 = 3*g - 6*o + o. Let u = -6 - -3. What is the units digit of (-4)/(1 - u/g)?
8
Let i be ((-4)/3)/((-4)/18). Suppose 0 = -5*m + i*m + 2. Let t(w) = w**2 + 2*w + 2. What is the units digit of t(m)?
2
Let m(j) = j - 1. Let o be m(3). Suppose o*q = 2 - 0. What is the units digit of q?
1
Let w = 5 + -1. What is the units digit of w?
4
Let l(z) = -z + 6. Let f be l(3). Let w be ((-12)/9)/((-1)/f). Suppose -7 = -w*i + 17. What is the units digit of i?
6
Let v(x) = 4*x - 8. Let p be v(6). Suppose -140 + p = -4*z. Let g = z - 20. What is the units digit of g?
1
Let m(l) = -l**3 - 19*l**2 - 22*l - 7. What is the tens digit of m(-18)?
6
Suppose 0 = -t + 3*t - 32. Suppose -3*f + t = -17. What is the units digit of f?
1
Suppose -5*d + 6*d - 9 = 0. What is the units digit of d?
9
Let n = 1 + -4. Let z = n - -7. Let x = 8 - z. What is the units digit of x?
4
Suppose -5*m - 21 = -166. What is the units digit of m?
9
Suppose -2*q + 185 = 3*q. What is the tens digit of q?
3
Suppose 1 = -2*h + 3*w - 1, -h + 2*w - 2 = 0. Suppose -5*y + b = -h*b - 50, b - 16 = -3*y. What is the units digit of y?
7
What is the tens digit of -1*((0 - 39) + -2)?
4
Let i(t) = -2*t - 5. Let s = -7 - -11. Suppose a + s*a + 20 = 0. What is the units digit of i(a)?
3
Let d(b) = 32*b - 12. Let p(k) = 13*k - 5. Let i(c) = 5*d(c) - 12*p(c). What is the tens digit of i(8)?
3
Let q = 0 + 3. What is the units digit of (q - -4) + (3 - 1)?
9
Let x = 4 - 7. Suppose 0*z = -z + 11. Let g = x + z. What is the units digit of g?
8
Let x = 11 - 9. Suppose -3*f + 75 = -3*m, -3*f - x*m = -8*f + 113. What is the tens digit of f?
2
Let g = -27 + 35. What is the units digit of g?
8
Let d be 5/(-1 + (0 - -2)). Suppose -5*l - 90 = -d*h, -3*l + 8 = -7*l. What is the tens digit of h?
1
Let z(u) be the third derivative of u**4/12 - u**3/2 - u**2. What is the units digit of z(2)?
1
Suppose 5*a - 240 = 55. What is the units digit of a?
9
Let m be 19 - (-1 - -2)*-1. What is the tens digit of (-3)/(-15) + 336/m?
1
Suppose -2*v + 5*i = 2*v + 11, -5*v = -i - 2. Suppose 11 = n - v. What is the tens digit of n?
1
Suppose -12 + 184 = 4*b. Let h = b + -28. What is the units digit of ((-9)/h)/((-1)/15)?
9
What is the tens digit of (91/(-3))/((-4)/12)?
9
Let c(s) = s**3 + s**2 - s + 2. Suppose -2*d + 5*d = 0. What is the units digit of c(d)?
2
Let q(t) = 5*t**2 + 13*t - 6. What is the hundreds digit of q(-7)?
1
Let v(n) = -n. Let f(x) = 4*x. Let s(r) = -f(r) - 3*v(r). Let a be s(6). What is the units digit of (-38)/a - (-4)/6?
7
Let l(s) = 5*s**2 - 1. Let j be l(1). Suppose 0*n = -j*n. What is the units digit of -3 + (2 - n) + 14?
3
Let u = -79 - -120. What is the units digit of u?
1
Suppose 0*s - 5*g = 2*s - 12, -5 = -s - 2*g. What is the units digit of s?
1
Let h(g) = 4*g**2 + 3*g - 11. What is the hundreds digit of h(-8)?
2
Suppose 53 = 5*p + t, 2*p - 1 = 2*t + 13. What is the units digit of (5/(-2))/(p/(-8))?
2
Let v(x) = -5*x - 1. Let m(y) = -y**2 + 4*y + 8. Let q be m(6). What is the tens digit of v(q)?
1
Let s = -93 + 194. What is the units digit of s?
1
Let i be (-9 - -33) + (-2)/(-2). Suppose -4*p + 2*q - 4 = 2, 0 = 5*q - i. What is the units digit of p?
1
Let p be (-1 + 2 - 0) + 19. Suppose 5*d - p = 5. Suppose 0 = -d*w + 5*m + 80, -5*m - 6 = 9. What is the units digit of w?
3
Let u(r) = 12*r + 6. What is the units digit of u(6)?
8
Let n = -4 + 38. What is the tens digit of n?
3
What is the units digit of 16/32 + 110/4?
8
Let z = -119 - -55. Let c = 92 + z. What is the units digit of c?
8
Suppose 4*g + 2*h - 2 = -54, 2*h + 4 = 0. What is the units digit of (2 + 0)*(-10 - g)?
4
Suppose 122 - 6 = z. What is the tens digit of z?
1
Suppose 205 = 3*r - 290. What is the hundreds digit of r?
1
Let c be (-6)/(2 + -3) - 1. Let j = c + 12. Suppose -3*p - 2*v = -4*v - 26, 2*p = v + j. What is the units digit of p?
8
Suppose k - 3*t + 14 = 0, -5*k + t = -0*t. Suppose s - k - 15 = 0. What is the tens digit of s?
1
Let y = -5 - -5. Suppose y = -v + 5 - 3. What is t